{"id":89,"date":"2015-12-11T15:48:37","date_gmt":"2015-12-11T13:48:37","guid":{"rendered":"http:\/\/158.129.51.247:8888\/?page_id=89"},"modified":"2026-01-20T12:13:29","modified_gmt":"2026-01-20T10:13:29","slug":"partneriai","status":"publish","type":"page","link":"https:\/\/clarin-lt.lt\/?page_id=89","title":{"rendered":"Partneriai"},"content":{"rendered":"<p>CLARIN-LT nacionalinis konsorciumas buvo \u012fkurtas 2015 m. liepos m\u0117nes\u012f. J\u012f \u012fk\u016br\u0117 trys universitetai: <a href=\"http:\/\/vdu.lt\" target=\"_blank\" rel=\"noopener\">Vytauto Did\u017eiojo universitetas<\/a>&nbsp;(<a href=\"https:\/\/klc.vdu.lt\" target=\"_blank\" rel=\"noopener\">Kompiuterin\u0117s lingvistikos centras<\/a>), <a href=\"http:\/\/ktu.lt\" target=\"_blank\" rel=\"noopener\">Kauno technologijos universitetas<\/a> ir <a href=\"http:\/\/www.vu.lt\" target=\"_blank\" rel=\"noopener\">Vilniaus universitetas<\/a>.<\/p>\n<p>2020 m. baland\u017eio 10 d. atnaujinta nacionalinio kalbos technologij\u0173 konsorciumo CLARIN-LT veiklos sutartis. Prie konsorciumo prisijung\u0117 du nauji nariai \u2013 <a href=\"https:\/\/www.mruni.eu\/\">Mykolo Riomerio universitetas<\/a> ir <a href=\"https:\/\/www.bpti.lt\/\">Baltijos pa\u017eangi\u0173 technologij\u0173 institutas<\/a>, o 2021 m. ir &nbsp;<a href=\"https:\/\/briai.ku.lt\/\">Klaip\u0117dos universiteto Baltijos regiono archeologijos ir istorijos institutas.<\/a> \u0160e\u0161i\u0173 institucij\u0173 konsorciumo veiklas ir toliau koordinuoja VDU.<\/p>\n<div id=\"attachment_873\" style=\"width: 868px\" class=\"wp-caption alignleft\"><img loading=\"lazy\" decoding=\"async\" aria-describedby=\"caption-attachment-873\" class=\"size-full wp-image-873\" src=\"https:\/\/clarin-lt.lt\/wp-content\/uploads\/2020\/04\/CLARIN-LT-konsorciumas.jpg\" alt=\"Rita Butkien\u0117 (KTU), Sigita Rackevi\u010dien\u0117 (MRU), Tomas Krilavi\u010dius (BPTI, VDU), R\u016bta Petrauskait\u0117 (VDU), Jurgita Vai\u010denonien\u0117 (nacionalin\u0117 koordinator\u0117, VDU), Andrius Utka (VDU)\" width=\"858\" height=\"570\" srcset=\"https:\/\/clarin-lt.lt\/wp-content\/uploads\/2020\/04\/CLARIN-LT-konsorciumas.jpg 858w, https:\/\/clarin-lt.lt\/wp-content\/uploads\/2020\/04\/CLARIN-LT-konsorciumas-300x199.jpg 300w, https:\/\/clarin-lt.lt\/wp-content\/uploads\/2020\/04\/CLARIN-LT-konsorciumas-768x510.jpg 768w, https:\/\/clarin-lt.lt\/wp-content\/uploads\/2020\/04\/CLARIN-LT-konsorciumas-100x66.jpg 100w, https:\/\/clarin-lt.lt\/wp-content\/uploads\/2020\/04\/CLARIN-LT-konsorciumas-150x100.jpg 150w, https:\/\/clarin-lt.lt\/wp-content\/uploads\/2020\/04\/CLARIN-LT-konsorciumas-200x133.jpg 200w, https:\/\/clarin-lt.lt\/wp-content\/uploads\/2020\/04\/CLARIN-LT-konsorciumas-450x299.jpg 450w, https:\/\/clarin-lt.lt\/wp-content\/uploads\/2020\/04\/CLARIN-LT-konsorciumas-600x399.jpg 600w\" sizes=\"auto, (max-width: 858px) 100vw, 858px\" \/><p id=\"caption-attachment-873\" class=\"wp-caption-text\">Rita Butkien\u0117 (KTU), Sigita Rackevi\u010dien\u0117 (MRU), Tomas Krilavi\u010dius (BPTI, VDU), R\u016bta Petrauskait\u0117 (VDU), Jurgita Vai\u010denonien\u0117 (nacionalin\u0117 koordinator\u0117, VDU), Andrius Utka (VDU)<\/p><\/div>\n\n\n<figure class=\"wp-block-image size-full\"><a href=\"https:\/\/clarin-lt.lt\/wp-content\/uploads\/2024\/03\/logos-e1593164691255.png\"><img loading=\"lazy\" decoding=\"async\" width=\"615\" height=\"418\" src=\"https:\/\/clarin-lt.lt\/wp-content\/uploads\/2024\/03\/logos-e1593164691255.png\" alt=\"\" class=\"wp-image-1210\" srcset=\"https:\/\/clarin-lt.lt\/wp-content\/uploads\/2024\/03\/logos-e1593164691255.png 615w, https:\/\/clarin-lt.lt\/wp-content\/uploads\/2024\/03\/logos-e1593164691255-300x204.png 300w, https:\/\/clarin-lt.lt\/wp-content\/uploads\/2024\/03\/logos-e1593164691255-100x68.png 100w, https:\/\/clarin-lt.lt\/wp-content\/uploads\/2024\/03\/logos-e1593164691255-150x102.png 150w, https:\/\/clarin-lt.lt\/wp-content\/uploads\/2024\/03\/logos-e1593164691255-200x136.png 200w, https:\/\/clarin-lt.lt\/wp-content\/uploads\/2024\/03\/logos-e1593164691255-450x306.png 450w, https:\/\/clarin-lt.lt\/wp-content\/uploads\/2024\/03\/logos-e1593164691255-600x408.png 600w\" sizes=\"auto, (max-width: 615px) 100vw, 615px\" \/><\/a><\/figure>\n","protected":false},"excerpt":{"rendered":"<p>CLARIN-LT nacionalinis konsorciumas buvo \u012fkurtas 2015 m. liepos m\u0117nes\u012f. J\u012f \u012fk\u016br\u0117 trys universitetai: Vytauto Did\u017eiojo universitetas&nbsp;(Kompiuterin\u0117s lingvistikos centras), Kauno technologijos universitetas ir Vilniaus universitetas. 2020 m. baland\u017eio 10 d. atnaujinta nacionalinio kalbos technologij\u0173 konsorciumo CLARIN-LT veiklos sutartis. Prie konsorciumo prisijung\u0117<span class=\"ellipsis\">&hellip;<\/span><\/p>\n<div class=\"read-more\"><a href=\"https:\/\/clarin-lt.lt\/?page_id=89\">Read more &#8250;<\/a><\/div>\n<p><!-- end of .read-more --><\/p>\n","protected":false},"author":6,"featured_media":0,"parent":0,"menu_order":5,"comment_status":"closed","ping_status":"closed","template":"full-width-page.php","meta":{"footnotes":""},"class_list":["post-89","page","type-page","status-publish","hentry"],"_links":{"self":[{"href":"https:\/\/clarin-lt.lt\/index.php?rest_route=\/wp\/v2\/pages\/89","targetHints":{"allow":["GET"]}}],"collection":[{"href":"https:\/\/clarin-lt.lt\/index.php?rest_route=\/wp\/v2\/pages"}],"about":[{"href":"https:\/\/clarin-lt.lt\/index.php?rest_route=\/wp\/v2\/types\/page"}],"author":[{"embeddable":true,"href":"https:\/\/clarin-lt.lt\/index.php?rest_route=\/wp\/v2\/users\/6"}],"replies":[{"embeddable":true,"href":"https:\/\/clarin-lt.lt\/index.php?rest_route=%2Fwp%2Fv2%2Fcomments&post=89"}],"version-history":[{"count":17,"href":"https:\/\/clarin-lt.lt\/index.php?rest_route=\/wp\/v2\/pages\/89\/revisions"}],"predecessor-version":[{"id":3457,"href":"https:\/\/clarin-lt.lt\/index.php?rest_route=\/wp\/v2\/pages\/89\/revisions\/3457"}],"wp:attachment":[{"href":"https:\/\/clarin-lt.lt\/index.php?rest_route=%2Fwp%2Fv2%2Fmedia&parent=89"}],"curies":[{"name":"wp","href":"https:\/\/api.w.org\/{rel}","templated":true}]}}